{"id":5365,"date":"2018-10-30T11:15:44","date_gmt":"2018-10-30T11:15:44","guid":{"rendered":"http:\/\/pruebas.forga.es\/?page_id=5365"},"modified":"2018-10-31T11:39:02","modified_gmt":"2018-10-31T11:39:02","slug":"alfalfa","status":"publish","type":"page","link":"https:\/\/pruebas.forga.es\/index.php\/alfalfa\/","title":{"rendered":"Alfalfa"},"content":{"rendered":"<section class=\"cs-section custom-padding\" style=\" padding-top: 60px; padding-bottom:25px;\"><div class=\"container\"><div class=\"row\"><div class=\"col-md-8 cs-animation fadeInLeft\"><div class=\"cs-column-inner\"><div class=\"cs-column-text vc_custom_1540985764812\"><p><strong>La alfalfa es una planta leguminosa empleada para alimentaci\u00f3n animal.<\/strong> Se cultiva en zonas donde el suministro de agua es abundante y el clima soleado, por ello <strong>la cuenca del Ebro es ideal para este cultivo al reunir dichos elementos.<\/strong><\/p>\n<\/div><\/div><\/div><div class=\"col-md-2 cs-animation fadeInRight\"><div class=\"cs-column-inner\">[vc_icon icon_fontawesome=\u00bbfa fa-tint\u00bb color=\u00bbcustom\u00bb background_style=\u00bbrounded-outline\u00bb size=\u00bbxl\u00bb align=\u00bbcenter\u00bb custom_color=\u00bb#0e7f0f\u00bb el_class=\u00bbmargen-arriba\u00bb]<\/div><\/div><div class=\"col-md-2\"><div class=\"cs-column-inner\">[vc_icon type=\u00bbtypicons\u00bb color=\u00bbcustom\u00bb background_style=\u00bbrounded-outline\u00bb size=\u00bbxl\u00bb align=\u00bbcenter\u00bb custom_color=\u00bb#0e7f0f\u00bb]<\/div><\/div><\/div><\/div><\/section><section class=\"cs-section\" style=\" background-color: #f5f5f5;\"><div class=\"container\"><div class=\"row\"><div class=\"col-md-6\"><div class=\"cs-column-inner\"><\/div><\/div><div class=\"col-md-6\"><div class=\"cs-column-inner\"><div class=\"cs-column-text\"><p style=\"text-align: left;\">Forga cultiva alfalfa en fincas propias y arrendadas sitas en las comarcas aragonesas:<\/p>\n<\/div><ul class=\"cs-icon-list\" style=\"font-weight: bold;\"><li><i class=\"cs-in fa fa-check\" style=\"color:#0e7f0f;\"><\/i>Ribera Alta del Ebro<\/li><li><i class=\"cs-in fa fa-check\" style=\"color:#0e7f0f;\"><\/i>Valdejal\u00f3n<\/li><li><i class=\"cs-in fa fa-check\" style=\"color:#0e7f0f;\"><\/i>Campo de Borja<\/li><li><i class=\"cs-in fa fa-check\" style=\"color:#0e7f0f;\"><\/i>Cinco Villas<\/li><\/ul><\/div><\/div><\/div><\/div><\/section><section class=\"cs-section cs-parallax lg-padding parallax cs-section-shadow cs-section-cover-bg\" style=\"background-image: url(https:\/\/pruebas.forga.es\/wp-content\/uploads\/2018\/10\/Fondo-Alfalfa-002_A.jpg); background-repeat: no-repeat; background-position: 50% 0%; background-attachment: fixed;\" data-parallax-speed=\"0.4\"><div class=\"container\"><div class=\"row\"><div class=\"col-md-12\"><div class=\"cs-column-inner\">[vc_custom_heading text=\u00bbAspectos medioambientales\u00bb font_container=\u00bbtag:h2|text_align:left|color:%23ffffff\u00bb use_theme_fonts=\u00bbyes\u00bb css=\u00bb.vc_custom_1540898098526{margin-bottom: 25px !important;}\u00bb]<ul class=\"cs-icon-list\"><li style=\"color:#ffffff;font-size: 17px; font-weight: 600; margin-bottom:8px;\"><i class=\"cs-in fa fa-check\" style=\"color:#ffffff;\"><\/i>Contribuye a la mejora de la biodiversidad, son 117 especies de aves las que la utilizan para su alimentaci\u00f3n, refugio o reproducci\u00f3n.<\/li><li style=\"color:#ffffff;font-size: 17px; font-weight: 600; margin-bottom:8px;\"><i class=\"cs-in fa fa-check\" style=\"color:#ffffff;\"><\/i>No requiere laboreo por un periodo de cinco a\u00f1os: Reduce la erosi\u00f3n, esta es 16 veces menor que en el cultivo de ma\u00edz.<\/li><li style=\"color:#ffffff;font-size: 17px; font-weight: 600; margin-bottom:8px;\"><i class=\"cs-in fa fa-check\" style=\"color:#ffffff;\"><\/i>No necesita aporte de abonos nitrogenados: Evita contaminaci\u00f3n de las aguas por nitratos.<\/li><li style=\"color:#ffffff;font-size: 17px; font-weight: 600; margin-bottom:8px;\"><i class=\"cs-in fa fa-check\" style=\"color:#ffffff;\"><\/i>Fija el CO2 en cuant\u00eda de 9 t\/ha\/a\u00f1o contribuyendo a paliar el efecto invernadero. Act\u00faa como filtro verde.<\/li><li style=\"color:#ffffff;font-size: 17px; font-weight: 600; margin-bottom:8px;\"><i class=\"cs-in fa fa-check\" style=\"color:#ffffff;\"><\/i>No exige de tratamiento herbicidas: Bajo uso de fitosanitarios.<\/li><li style=\"color:#ffffff;font-size: 17px; font-weight: 600;\"><i class=\"cs-in fa fa-check\" style=\"color:#ffffff;\"><\/i>Sintetiza el nitr\u00f3geno atmosf\u00e9rico y aportar una gran riqueza de fibra y prote\u00edna de calidad.<\/li><\/ul><\/div><\/div><\/div><\/div><div class=\"section-overlay\" style=\"background-color:rgba(14, 127, 15, 0.7);\"><\/div><\/section><section class=\"cs-section custom-padding\" style=\" padding-top: 60px; padding-bottom:25px;\"><div class=\"container\"><div class=\"row\"><div class=\"col-md-12 cs-animation fadeInLeft\"><div class=\"cs-column-inner\"><div class=\"cs-column-text vc_custom_1540985721189\"><h4><strong>La alfalfa deshidratada sirve como alimento de una gama variada de animales:<\/strong> vacas lecheras y vacuno de carne, ovino, caballos, cerdos, caza mayor, avestruces y aves en general.<\/h4>\n<\/div><section class=\"cs-section\"><div class=\"container\"><div class=\"row\"><div class=\"col-md-2\"><div class=\"cs-column-inner\">[vc_icon type=\u00bbmaterial\u00bb icon_material=\u00bbvc-material vc-material-goat\u00bb color=\u00bbcustom\u00bb background_style=\u00bbrounded-outline\u00bb size=\u00bbxl\u00bb align=\u00bbcenter\u00bb custom_color=\u00bb#0e7f0f\u00bb]<\/div><\/div><div class=\"col-md-2\"><div class=\"cs-column-inner\">[vc_icon type=\u00bbmaterial\u00bb icon_material=\u00bbvc-material vc-material-goat\u00bb color=\u00bbcustom\u00bb background_style=\u00bbrounded-outline\u00bb size=\u00bbxl\u00bb align=\u00bbcenter\u00bb custom_color=\u00bb#0e7f0f\u00bb]<\/div><\/div><div class=\"col-md-2\"><div class=\"cs-column-inner\">[vc_icon type=\u00bbmaterial\u00bb icon_material=\u00bbvc-material vc-material-goat\u00bb color=\u00bbcustom\u00bb background_style=\u00bbrounded-outline\u00bb size=\u00bbxl\u00bb align=\u00bbcenter\u00bb custom_color=\u00bb#0e7f0f\u00bb]<\/div><\/div><div class=\"col-md-2\"><div class=\"cs-column-inner\">[vc_icon type=\u00bbmaterial\u00bb icon_material=\u00bbvc-material vc-material-goat\u00bb color=\u00bbcustom\u00bb background_style=\u00bbrounded-outline\u00bb size=\u00bbxl\u00bb align=\u00bbcenter\u00bb custom_color=\u00bb#0e7f0f\u00bb]<\/div><\/div><div class=\"col-md-2\"><div class=\"cs-column-inner\">[vc_icon type=\u00bbmaterial\u00bb icon_material=\u00bbvc-material vc-material-goat\u00bb color=\u00bbcustom\u00bb background_style=\u00bbrounded-outline\u00bb size=\u00bbxl\u00bb align=\u00bbcenter\u00bb custom_color=\u00bb#0e7f0f\u00bb]<\/div><\/div><div class=\"col-md-2\"><div class=\"cs-column-inner\">[vc_icon type=\u00bbmaterial\u00bb icon_material=\u00bbvc-material vc-material-goat\u00bb color=\u00bbcustom\u00bb background_style=\u00bbrounded-outline\u00bb size=\u00bbxl\u00bb align=\u00bbcenter\u00bb custom_color=\u00bb#0e7f0f\u00bb]<\/div><\/div><\/div><\/div><\/section><\/div><\/div><\/div><\/div><\/section>\n","protected":false},"excerpt":{"rendered":"<p><span class=\"entry-read-more\"><a href=\"https:\/\/pruebas.forga.es\/index.php\/alfalfa\/\" class=\"cs-btn cs-btn-flat cs-btn-rounded cs-btn-xxs cs-btn-flat-accent\">Leer m\u00e1s<\/a><\/span><\/p>\n","protected":false},"author":1,"featured_media":0,"parent":0,"menu_order":2,"comment_status":"open","ping_status":"open","template":"","meta":{"footnotes":""},"class_list":["post-5365","page","type-page","status-publish","hentry"],"_links":{"self":[{"href":"https:\/\/pruebas.forga.es\/index.php\/wp-json\/wp\/v2\/pages\/5365","targetHints":{"allow":["GET"]}}],"collection":[{"href":"https:\/\/pruebas.forga.es\/index.php\/wp-json\/wp\/v2\/pages"}],"about":[{"href":"https:\/\/pruebas.forga.es\/index.php\/wp-json\/wp\/v2\/types\/page"}],"author":[{"embeddable":true,"href":"https:\/\/pruebas.forga.es\/index.php\/wp-json\/wp\/v2\/users\/1"}],"replies":[{"embeddable":true,"href":"https:\/\/pruebas.forga.es\/index.php\/wp-json\/wp\/v2\/comments?post=5365"}],"version-history":[{"count":38,"href":"https:\/\/pruebas.forga.es\/index.php\/wp-json\/wp\/v2\/pages\/5365\/revisions"}],"predecessor-version":[{"id":5505,"href":"https:\/\/pruebas.forga.es\/index.php\/wp-json\/wp\/v2\/pages\/5365\/revisions\/5505"}],"wp:attachment":[{"href":"https:\/\/pruebas.forga.es\/index.php\/wp-json\/wp\/v2\/media?parent=5365"}],"curies":[{"name":"wp","href":"https:\/\/api.w.org\/{rel}","templated":true}]}}